are the prime factors of (-37)/111*(-18966 - 3)?
6323
Suppose -39*l + 4734 = -44*l - m, -4*l - 2*m - 3792 = 0. Let q = l - -2112. What are the prime factors of q?
2, 11, 53
Let m = 35725 - -6012. List the prime factors of m.
41737
Suppose 7*i + 8 = 36. Suppose q + 429 = i*q. Suppose 0 = -7*d + 514 - q. What are the prime factors of d?
53
Let f(s) = -31*s - 77. Let i be f(0). Let c = 166 + i. What are the prime factors of c?
89
Let m be ((-168)/16 - (-1)/(-2))/(-1). Suppose k = -2*k. Suppose k = m*p - 14*p + 312. List the prime factors of p.
2, 13
Suppose -5*b - 3*s - 445 = 2*s, -2*b + 2*s = 194. Let y = b - -98. Suppose 2*a - 92 = -3*v, -2*v = y*a - 2*a - 53. What are the prime factors of v?
2, 17
Let h(k) = k**3 - 26*k**2 + 268*k + 25. List the prime factors of h(24).
5, 1061
Suppose -20*s = -8*s - 3672. Let z = 148 + s. List the prime factors of z.
2, 227
Let j = 7778 + -7769. Suppose 0 = 5*l - l - 32. Suppose -146 = l*f - j*f. What are the prime factors of f?
2, 73
Suppose -5*f + 4*f - 4*b = -15866, 2*b + 31732 = 2*f. What are the prime factors of f?
2, 7933
Suppose 0 = -c - 2*c - 12. Let f(q) = -5*q**2 + 4 + 0*q**2 - q**3 + 2*q**2 + 2*q + 0*q. What are the prime factors of f(c)?
2, 3
Suppose 0 = -4*i + 4*q - 1852, -2*i + 15*q = 19*q + 908. Let o = 488 - i. List the prime factors of o.
2, 3, 79
Let b be 290/22 + 20/(-110). Let n(y) = -y + 15. Let t be n(b). Suppose x - 289 = -5*f, -f - t*x = 23 - 88. List the prime factors of f.
3, 19
Let f = 43 + -40. Suppose 2*g = -3*m - 12, 4*m - 3*m - 7 = f*g. What are the prime factors of (m - (-30 - -4)) + 4?
2, 7
Let x(a) be the first derivative of a**3/3 - 7*a**2 - 6*a + 13. Let i be x(15). List the prime factors of (-2)/(12/i)*(-46)/3.
23
Let w = 102506 - 70510. List the prime factors of w.
2, 19, 421
Let y(s) = -1601*s + 6252. List the prime factors of y(-30).
2, 3, 83, 109
Let u(h) = 2285*h**3 - 12*h**2 + 28*h + 15. List the prime factors of u(3).
2, 3, 23, 149
Let j(g) = -12516*g + 231. What are the prime factors of j(-1)?
3, 7, 607
Suppose -4*t + 4*u = -7*t + 21662, 3*u + 3 = 0. List the prime factors of t.
2, 23, 157
Suppose 0 = -29*b - 10707 + 412. Let u = b - -446. List the prime factors of u.
7, 13
Let x(m) = 408*m**3 - 7*m + 4. Let w(k) = 410*k**3 - 8*k + 5. Let v(l) = 5*w(l) - 6*x(l). List the prime factors of v(-1).
397
Let s(x) = -3*x - 56. Let z be s(-17). What are the prime factors of z/10*-10*26?
2, 5, 13
Suppose -m + 68 = b + m, -b + 5*m = -40. Suppose -2*a - 296 = b. Let i = a - -360. List the prime factors of i.
2, 7, 13
Let l(d) = 61*d - 2. Let u be l(16). Let c = u + -392. What are the prime factors of c?
2, 3, 97
Let o = -34703 - -49400. List the prime factors of o.
3, 23, 71
Suppose 21 = -25*r + 28*r. Let y(s) = 24*s - r*s + 10*s + 8. What are the prime factors of y(3)?
89
Let f = -18610 - -29191. What are the prime factors of f?
3, 3527
Suppose -5*g - 5*g + 80 = 0. Suppose k - g = -5*u + 185, -k + 2*u = -221. What are the prime factors of k?
3, 71
Let i be 30/10 - (-1)/(1/(-3)). Suppose 8*p - 173 - 51 = i. List the prime factors of p.
2, 7
Let a(k) = k**3 - 5*k**2 + 2*k + 12. Suppose -17*v = -5*y - 16*v + 26, 3*y - 26 = -2*v. List the prime factors of a(y).
2, 3, 5
Let z = -2019 + 3503. Suppose 2*q = z - 276. List the prime factors of q.
2, 151
Let r(l) = l + 17. Let t be r(-11). Suppose -x + t*x = 280. Let h = 146 + x. What are the prime factors of h?
2, 101
Let b = 30705 + 42530. What are the prime factors of b?
5, 97, 151
Let f(k) = 25*k - 925 + 453 + 461 - k**2. List the prime factors of f(17).
5
Let m be 8/(-10) + 1 - (-858060)/700. Let a = m - 433. List the prime factors of a.
13, 61
Let p = -748 + 2462. Let f = p + -646. List the prime factors of f.
2, 3, 89
Suppose 1097908 = 25*x + 330658. What are the prime factors of x?
2, 3, 5, 11, 31
Let d(o) = -39*o + 3. Let h be (-7)/((-189)/6) + 50/18. Suppose 0 = -c + 4*r + h, c - 4*r + 3*r = 0. List the prime factors of d(c).
2, 3, 7
Let r = 850 - -1922. Suppose 0 = 12*n - r - 1416. Let p = -177 + n. List the prime factors of p.
2, 43
Let b = -1559 + 743. Let r(a) = -6*a**3 - a**2 - 2*a - 1. Let d be r(-1). What are the prime factors of 1 - 2/d - b/18?
2, 23
Suppose 0 = -4*d - 0*z - 3*z + 652, d - 162 = -z. Let m be (3 - 3/(-6))*12. Let f = m + d. What are the prime factors of f?
2, 13
Suppose -4*p + 8371 = 5*p - 90107. List the prime factors of p.
2, 5471
Let u(l) = 1306*l + 583. List the prime factors of u(11).
3, 11, 151
Let x be 350/18 + (-5)/(180/16). Suppose -3*v = -2*n + 2399, -2*n + 16*v - x*v + 2405 = 0. What are the prime factors of n?
1201
Let q(o) = -7*o + 31. Let a be q(5). List the prime factors of (-5703)/a - 228/304.
3, 5, 19
Suppose -3*o - 2*s + 17094 = 0, 2*o = 26*s - 30*s + 11388. List the prime factors of o.
2, 3, 5, 19
Let a be 0 + 1 + (0 - 4)/(-4). Suppose 0 = 4*v + 5*d + 22 + a, 0 = d + 4. What are the prime factors of (-1 + 15 - v)*(-28 + 31)?
3, 5
Let g = 40782 + -17530. List the prime factors of g.
2, 5813
Let p(y) = -508*y. Let s be p(1). Suppose 7*w = 21*w - 28. What are the prime factors of -1 - s/6 - w/(-6)?
2, 3, 7
Let r be (-312)/9 + -1 - 5/15. Let a = 37 + r. What are the prime factors of (2 + a)*(-369)/(-27)?
41
Let t(x) = -39 + 72 + 10*x - 33. Let y be 12/5 + (-4)/10. What are the prime factors of t(y)?
2, 5
Suppose -4*j + 55882 = 5*g, -j = -2*g + 4*g - 13969. List the prime factors of j.
89, 157
Suppose 2*r + 2*m - 204 = 0, 5*r + 75 = -2*m + 576. Let d = r + -51. What are the prime factors of d?
2, 3
Let a(l) = -18*l + 140 + 50*l - 141. What are the prime factors of a(8)?
3, 5, 17
Suppose 31 = 4*w + l, -4*w + 7 = 3*l - 22. Let n be (1/3 - 2/(-12))*w. Suppose -3*t - 95 = -4*z, 2*z + n*t = -z + 90. What are the prime factors of z?
2, 13
Let n = 17 + -5. Suppose -x = -n - 103. List the prime factors of x.
5, 23
Let u = -327 + 360. Suppose 1966 = u*m - 6845. List the prime factors of m.
3, 89
Let f = 7 - 1. Suppose 5*u = 3*u + f. Suppose u*h - 198 - 33 = 0. List the prime factors of h.
7, 11
Let o(t) = -20*t - 14. Let q(l) be the first derivative of -10*l**2 - 13*l + 6. Let d(u) = 4*o(u) - 3*q(u). List the prime factors of d(-10).
3, 61
Suppose -u - 78 + 81 = 0. Suppose u*g = 5*y - 4170, -g + 1694 = 2*y + 3*g. List the prime factors of y.
3, 31
Let q(y) = 97*y + 34. Let a(s) = -49*s - 17. Let p(n) = 9*a(n) + 4*q(n). Suppose 4*u - 44 = 15*u. List the prime factors of p(u).
3, 5, 13
Suppose -y - 20 + 36 = 0. Suppose 0 = y*x - 7*x - 27. Suppose -329 = -4*q - 3*v + 2*v, 9 = -x*v. List the prime factors of q.
83
Let u(v) = -176*v**3 - 14*v**2 + 2*v - 4. Let k(r) = 175*r**3 + 12*r**2 - 3*r + 3. Let d(y) = 6*k(y) + 5*u(y). What are the prime factors of d(2)?
2, 3, 5
Suppose -12*s = -11*s - 7. Suppose 5*z - 1580 = -8*h + s*h, 3*h - 1570 = -5*z. What are the prime factors of z?
317
Let p(o) = 25*o**2 + 2 + 30*o**2 + 89*o**2 - o. Suppose 0 = -4*a - 3*a + 7. List the prime factors of p(a).
5, 29
Let f be 70/(-56) + 2/8 + 3. List the prime factors of ((-455)/(-35))/(f/212).
2, 13, 53
Let n(t) = -850*t**3 + 7*t + 23. What are the prime factors of n(-2)?
11, 619
Let z(a) be the third derivative of a**6/120 + 7*a**5/60 + a**4/12 + 7*a**3/6 + 3*a**2 - 3. What are the prime factors of z(6)?
487
Suppose 2*j - 66 = 7*g - 2*g, 4*g - 2*j + 52 = 0. Suppose 0 = -2*w - 8, 0 = 4*d + w - 562 - 86. Let v = d - g. List the prime factors of v.
3, 59
Let k = 50 - 45. Suppose -k*x = -0*x + 990. List the prime factors of 3*(6 - 1)*x/(-15).
2, 3, 11
Let f(b) = 19*b**2 - 3*b + 4. Let n be f(4). Suppose -4059 = 38*i + 2933. Let a = i + n. List the prime factors of a.
2, 7
Let x(b) = b**3 - 19*b**2 + 6*b + 11. Let n be x(19). Suppose 0*f + 5*f = n. Let y(c) = c**2 - 20*c + 32. What are the prime factors of y(f)?
157
Suppose 0 = -8*n + 32437 + 2303 + 51748. What are the prime factors of n?
19, 569
Let v(y) = 1884*y - 5852. List the prime factors of v(11).
2, 11, 13
Let h be (-458)/(-7) + 44/77. Suppose -4*l + 5*y + 131 = -h, 4*l + y = 191. Suppose 3*r + d - 31 = l, 41 = r + 4*d. What are the prime factors of r?
5
Suppose -4 = 14*s - 16*s, -3*s - 2175 = -3*g. Let q = 413 + g. What are the prime factors of q?
2, 3, 5, 19
Suppose 31*n - 91*n + 259980 = 0. What are the prime factors of n?
7, 619
Let w be (10/(-55)*-11)/((-6)/4479